{"id":25,"date":"2025-09-12T17:27:35","date_gmt":"2025-09-12T17:27:35","guid":{"rendered":"https:\/\/rediseg.com\/?page_id=25"},"modified":"2025-09-30T21:05:52","modified_gmt":"2025-09-30T21:05:52","slug":"nosotros","status":"publish","type":"page","link":"https:\/\/rediseg.com\/index.php\/nosotros\/","title":{"rendered":"Nosotros"},"content":{"rendered":"\n<div class=\"plabs_our_hero\">\n    <h1>Acerca de nosotros<\/h1>\n<\/div>\n\n<section class=\"plabs_section our_main_section\">\n    <p>\n        Desde 1998, nos hemos especializado en ofrecer soluciones integrales en seguridad, identificaci\u00f3n de personal y\n        gesti\u00f3n de recursos humanos, respondiendo a las necesidades cr\u00edticas del mercado empresarial. A lo largo de m\u00e1s\n        de dos d\u00e9cadas, hemos cultivado relaciones de confianza con nuestros clientes, basadas en nuestra fiabilidad\n        comprobada y estricto cumplimiento normativo.\n    <\/p>\n    <br>\n    <p>\n        Nos distingue el <strong>Enfoque centrado en la confianza<\/strong> ya que hemos construido alianzas estrat\u00e9gicas\n        y duraderas. Tambi\u00e9n el <strong>Compromiso social<\/strong> dado a que implementamos programas de desarrollo para\n        nuestro capital humano. Actualmente somos proveedores de servicios de seguridad para los sectores: Financiero,\n        log\u00edstico y comercial.\n    <\/p>\n    <br>\n    <p>\n        Nuestra evoluci\u00f3n constante nos permite combinar experiencia tradicional con innovaci\u00f3n tecnol\u00f3gica,\n        garantizando protecci\u00f3n adaptada a los retos actuales del mercado.\n    <\/p>\n\n    <br>\n\n    <div class=\"plabs_our_values\">\n        <div>\n            <img decoding=\"async\" src=\"\/wp-content\/uploads\/2025\/09\/mision.png\">\n            <h3>\n                MISI\u00d3N\n            <\/h3>\n            <p>\n                Transformamos necesidades en soluciones mediante tecnolog\u00eda, garantizando eficiencia y confiabilidad,\n                creando satisfacci\u00f3n, crecimiento sostenible, bienestar y valor compartido para nuestros clientes,\n                accionistas, colaboradores y la sociedad, contribuyendo a un entorno m\u00e1s seguro y conectado.\n            <\/p>\n        <\/div>\n        <div>\n            <img decoding=\"async\" src=\"\/wp-content\/uploads\/2025\/09\/vision.png\">\n            <h3>VISI\u00d3N<\/h3>\n            <p>\n                Ser reconocidos como l\u00edderes en soluciones tecnol\u00f3gicas, destacando la innovaci\u00f3n, confiabilidad y\n                capacidad de adaptaci\u00f3n a las demandas del mercado. Aspiramos a ser referentes en el sector, impulsando\n                un futuro m\u00e1s seguro\u00a0e\u00a0inteligente.\n            <\/p>\n        <\/div>\n        <div>\n            <img decoding=\"async\" src=\"\/wp-content\/uploads\/2025\/09\/valores.png\">\n            <h3>\n                VALORES\n            <\/h3>\n            <ul>\n                <li>Integridad<\/li>\n                <li>Prudencia<\/li>\n                <li>Transparencia<\/li>\n                <li>Calidad<\/li>\n                <li>Cumplimiento<\/li>\n            <\/ul>\n        <\/div>\n    <\/div>\n\n<\/section>\n\n\n<section class=\"plabs_section plabs_section_timeline\">\n    <h2>Historia<\/h2>\n    <!-- Versi\u00f3n Desktop -->\n    <div class=\"timeline-desktop\">\n        <div class=\"timeline-container\">\n            <div class=\"timeline-line\"><\/div>\n            <div class=\"timeline-items\">\n                <div class=\"timeline-item\">\n                    <div class=\"timeline-year\">1998<\/div>\n                    <div class=\"timeline-dot\"><\/div>\n                    <div class=\"timeline-content\">\n                        Nace una oportunidad de negocio en seguridad electr\u00f3nica.\n                    <\/div>\n                <\/div>\n                <div class=\"timeline-item\">\n                    <div class=\"timeline-year\">2014<\/div>\n                    <div class=\"timeline-dot\"><\/div>\n                    <div class=\"timeline-content\">\n                        Carlos Beltr\u00e1n (uno de los pioneros en seguridad electr\u00f3nica de Colombia) se incorpora a\n                        REDISEG.\n                    <\/div>\n                <\/div>\n                <div class=\"timeline-item\">\n                    <div class=\"timeline-year\">2016<\/div>\n                    <div class=\"timeline-dot\"><\/div>\n                    <div class=\"timeline-content\">\n                        Pasamos de la informalidad a la formalizaci\u00f3n lo que permiti\u00f3 nuestro crecimiento en el campo de\n                        la seguridad electr\u00f3nica.\n                    <\/div>\n                <\/div>\n                <div class=\"timeline-item\">\n                    <div class=\"timeline-year\">2017<\/div>\n                    <div class=\"timeline-dot\"><\/div>\n                    <div class=\"timeline-content\">\n                        Pasamos por una crisis econ\u00f3mica, que nos fortaleci\u00f3 para el futuro.\n                    <\/div>\n                <\/div>\n                <div class=\"timeline-item\">\n                    <div class=\"timeline-year\">2020<\/div>\n                    <div class=\"timeline-dot\"><\/div>\n                    <div class=\"timeline-content\">\n                        Con el respaldo de una excelente asesor\u00eda jur\u00eddica y financiera, que logr\u00f3 organizar su\n                        estructura encamin\u00e1ndonos hacia un crecimiento sostenible.\n                    <\/div>\n                <\/div>\n                <div class=\"timeline-item\">\n                    <div class=\"timeline-year\">2023<\/div>\n                    <div class=\"timeline-dot\"><\/div>\n                    <div class=\"timeline-content\">\n                        Se consolid\u00f3 una alianza estrat\u00e9gica con un proveedor especializado en seguridad electr\u00f3nica, lo\n                        que permiti\u00f3 la creaci\u00f3n e impulso del \u00e1rea de investigaci\u00f3n y desarrollo.\n                    <\/div>\n                <\/div>\n            <\/div>\n        <\/div>\n    <\/div>\n\n    <!-- Versi\u00f3n Mobile -->\n    <div class=\"timeline-mobile\">\n        <div class=\"mobile-timeline-item\">\n            <div class=\"mobile-year-circle\">\n                <div class=\"mobile-year-text\">1998<\/div>\n            <\/div>\n            <div class=\"mobile-content\">\n                <p>Nace una oportunidad de negocio en seguridad electr\u00f3nica.<\/p>\n            <\/div>\n        <\/div>\n        <div class=\"mobile-timeline-item\">\n            <div class=\"mobile-year-circle\">\n                <div class=\"mobile-year-text\">2014<\/div>\n            <\/div>\n            <div class=\"mobile-content\">\n                <p>Carlos Beltr\u00e1n (uno de los pioneros en seguridad electr\u00f3nica de Colombia) se incorpora a REDISEG.<\/p>\n            <\/div>\n        <\/div>\n        <div class=\"mobile-timeline-item\">\n            <div class=\"mobile-year-circle\">\n                <div class=\"mobile-year-text\">2016<\/div>\n            <\/div>\n            <div class=\"mobile-content\">\n                <p>Pasamos de la informalidad a la formalizaci\u00f3n lo que permiti\u00f3 nuestro crecimiento en el campo de la\n                    seguridad electr\u00f3nica.<\/p>\n            <\/div>\n        <\/div>\n        <div class=\"mobile-timeline-item\">\n            <div class=\"mobile-year-circle\">\n                <div class=\"mobile-year-text\">2017<\/div>\n            <\/div>\n            <div class=\"mobile-content\">\n                <p>Pasamos por una crisis econ\u00f3mica, que nos fortaleci\u00f3 para el futuro.<\/p>\n            <\/div>\n        <\/div>\n        <div class=\"mobile-timeline-item\">\n            <div class=\"mobile-year-circle\">\n                <div class=\"mobile-year-text\">2020<\/div>\n            <\/div>\n            <div class=\"mobile-content\">\n                <p>Con el respaldo de una excelente asesor\u00eda jur\u00eddica y financiera, que logr\u00f3 organizar su estructura\n                    encamin\u00e1ndonos hacia un crecimiento sostenible.<\/p>\n            <\/div>\n        <\/div>\n        <div class=\"mobile-timeline-item\">\n            <div class=\"mobile-year-circle\">\n                <div class=\"mobile-year-text\">2023<\/div>\n            <\/div>\n            <div class=\"mobile-content\">\n                <p>Se consolid\u00f3 una alianza estrat\u00e9gica con un proveedor especializado en seguridad electr\u00f3nica, lo que\n                    permiti\u00f3 la creaci\u00f3n e impulso del \u00e1rea de investigaci\u00f3n y desarrollo.<\/p>\n            <\/div>\n        <\/div>\n    <\/div>\n<\/section>\n\n\n<section class=\"plabs_our_certifications\">\n    <h2>Calificaci\u00f3n de clientes<\/h2>\n\n    <div class=\"plabs_certifications_flex\">\n        <div class=\"plabs_certification_left\">\n            <div>\n                <h4>5.0<\/h4>\n                <div style=\"\n                display: flex;\n                align-items: center;\n                justify-content: center;\">\n                    <img decoding=\"async\" width=\"15px\" src=\"\/wp-content\/uploads\/2025\/09\/star.png\">\n                    <img decoding=\"async\" width=\"15px\" src=\"\/wp-content\/uploads\/2025\/09\/star.png\">\n                    <img decoding=\"async\" width=\"15px\" src=\"\/wp-content\/uploads\/2025\/09\/star.png\">\n                    <img decoding=\"async\" width=\"15px\" src=\"\/wp-content\/uploads\/2025\/09\/star.png\">\n                    <img decoding=\"async\" width=\"15px\" src=\"\/wp-content\/uploads\/2025\/09\/star.png\">\n                <\/div>\n                <p>50+ reviews<\/p>\n            <\/div>\n            <ul>\n                <li>Acompa\u00f1amiento estrat\u00e9gico<\/li>\n                <li>Comunicaci\u00f3n y soporte postventa<\/li>\n                <li>Cumplimiento Normativo y Legal<\/li>\n                <li>Puntualidad y cumplimiento<\/li>\n                <li>Calidad T\u00e9cnica del Servicio<\/li>\n            <\/ul>\n        <\/div>\n        <div class=\"plabs_certification_right\">\n            <div>\n                <img decoding=\"async\" class=\"plabs_certification_image\"\n                    src=\"\/wp-content\/uploads\/2025\/09\/logo-2-camara-de-comercio-optimizado.png\">\n                <img decoding=\"async\" class=\"plabs_certification_image\" src=\"\/wp-content\/uploads\/2025\/09\/CCB2024.png\">\n                <img decoding=\"async\" class=\"plabs_certification_image\" src=\"\/wp-content\/uploads\/2025\/09\/SGSST.png\">\n            <\/div>\n            <h3>Premios y certificaciones<\/h3>\n        <\/div>\n    <\/div>\n<\/section>\n\n<section class=\"plabs_section plabs_section_quotes\">\n    <h1>\u00bfPOR QU\u00c9 NUESTRA <br class=\"pc_only\"> TRAYECTOR\u00cdA\n        HABLA <br class=\"pc_hidden\"> POR S\u00cd MISMA?\n    <\/h1>\n    <img decoding=\"async\" style=\"position:absolute;\" class=\"quote\" src=\"\/wp-content\/uploads\/2025\/09\/quotes.png\">\n    <p>\n        \u201cFui uno de los fundadores de la industria de seguridad electr\u00f3nica en Colombia. Entre finales de los a\u00f1os 70 y\n        principios de los 80, cuando el pa\u00eds a\u00fan no contaba con est\u00e1ndares profesionales en este campo, desarroll\u00e9 junto\n        a un grupo selecto de colegas los primeros sistemas de protecci\u00f3n electr\u00f3nica para valores y activos. Nuestras\n        innovaciones t\u00e9cnicas y metodol\u00f3gicas sentaron las bases para lo que hoy es una industria tecnol\u00f3gica clave en\n        la seguridad nacional.\u201d\n    <\/p>\n\n    <b>\n        CARLOS BELTR\u00c1N, FUNDADOR\n    <\/b>\n<\/section>\n\n\n<section id=\"contacto\">\n\n<section class=\"plabs_section plabs_section_contact\">\n  <h2>\u00a1Habla con nuestros expertos!<\/h2>\n\n  <p>Nuestro equipo est\u00e1 aqu\u00ed para responder sus preguntas y ayudarle a encontrar la mejor soluci\u00f3n de seguridad para\n    sus necesidades.<\/p>\n\n  <div class=\"plabs_section_contact_flex\">\n    <div>\n      <img decoding=\"async\" src=\"\/wp-content\/uploads\/2025\/09\/contact_form.png\" alt=\"Rediseg SAS\">\n    <\/div>\n    <div>\n      <form id=\"plabs_form\" method=\"POST\">\n        <div class=\"plabs_input_container\">\n          <input name=\"name\" placeholder=\"Nombre (*)\" type=\"text\" required>\n          <input name=\"lastname\" placeholder=\"Apellido (*)\" type=\"text\" required>\n        <\/div>\n\n        <div class=\"plabs_input_container\">\n          <input name=\"email\" placeholder=\"Correo electr\u00f3nico (*)\" type=\"email\" required>\n        <\/div>\n\n        <div class=\"plabs_input_container\">\n          <select name=\"country\" required>\n            <option value=\"\">Pa\u00eds (*)<\/option>\n            <option value=\"Colombia\">Colombia<\/option>\n            <option value=\"M\u00e9xico\">M\u00e9xico<\/option>\n            <option value=\"Argentina\">Argentina<\/option>\n          <\/select>\n          <input name=\"phone\" placeholder=\"N\u00famero de tel\u00e9fono (*)\" type=\"text\" required>\n        <\/div>\n\n        <div class=\"plabs_input_container\">\n          <input name=\"business\" placeholder=\"Nombre de su empresa (*)\" type=\"text\" required>\n        <\/div>\n\n        <label for=\"service\" class=\"plabs_label_service\"> \u00bfQu\u00e9 servicio o producto le interesa? <\/label>\n\n        <div class=\"plabs_input_container\">\n          <div class=\"plabs_checkgroup\">\n            <div>\n              <label class=\"container_checkgroup_item\">\n                CCTV\n                <input name=\"services[]\" type=\"checkbox\" value=\"CCTV\">\n                <span class=\"checkmark\"><\/span>\n              <\/label>\n\n              <label class=\"container_checkgroup_item\">\n                Control de Visitantes\n                <input name=\"services[]\" type=\"checkbox\" value=\"Control de Visitantes\">\n                <span class=\"checkmark\"><\/span>\n              <\/label>\n\n              <label class=\"container_checkgroup_item\">Alarmas\n                <input name=\"services[]\" type=\"checkbox\" value=\"Alarmas\">\n                <span class=\"checkmark\"><\/span>\n              <\/label>\n\n              <label class=\"container_checkgroup_item\">Cajas Fuertes\n                <input name=\"services[]\" type=\"checkbox\" value=\"Cajas Fuertes\">\n                <span class=\"checkmark\"><\/span>\n              <\/label>\n\n              <label class=\"container_checkgroup_item\">Detecci\u00f3n de Incendios\n                <input name=\"services[]\" type=\"checkbox\" value=\"Detecci\u00f3n de Incendios\">\n                <span class=\"checkmark\"><\/span>\n              <\/label>\n            <\/div>\n\n            <div>\n\t\t\t<label class=\"container_checkgroup_item\">Control de Accesos\n                <input name=\"services[]\" type=\"checkbox\" value=\"Control de Accesos\">\n                <span class=\"checkmark\"><\/span>\n              <\/label>\n\n              <label class=\"container_checkgroup_item\">Renta de Equipos\n                <input name=\"services[]\" type=\"checkbox\" value=\"Renta de Equipos\">\n                <span class=\"checkmark\"><\/span>\n              <\/label>\n\t\t\t  \n              <label class=\"container_checkgroup_item\">Software de Monitoreo de Alarmas\n                <input name=\"services[]\" type=\"checkbox\" value=\"Software de Monitoreo de Alarmas\">\n                <span class=\"checkmark\"><\/span>\n              <\/label>\n\n              <label class=\"container_checkgroup_item\">SIM2 MOVE PLUS\n                <input name=\"services[]\" type=\"checkbox\" value=\"SIM2 MOVE PLUS\">\n                <span class=\"checkmark\"><\/span>\n              <\/label>\n\n              <label class=\"container_checkgroup_item\">GPRS Comunicadores Universales\n                <input name=\"services[]\" type=\"checkbox\" value=\"GPRS Comunicadores Universales\">\n                <span class=\"checkmark\"><\/span>\n              <\/label>\n            <\/div>\n          <\/div>\n        <\/div>\n\n        <div class=\"plabs_input_container\">\n          <textarea placeholder=\"Mensaje\" name=\"plabs_form_message\" rows=\"3\"><\/textarea>\n        <\/div>\n\n        <p class=\"plabs_form_intructions\">* Indica que la pregunta es obligatoria<\/p>\n\n        <label>\n          <input type=\"checkbox\" name=\"terms\" required>\n          <small>Estoy de acuerdo con los <a target=\"_blank\" style=\"color:#2c2c2c;\" href=\"https:\/\/rediseg.com\/wp-content\/uploads\/2025\/09\/POLITICA-PROTECCION-DE-DATOS-REDISEG-LIMITADA.pdf\">t\u00e9rminos y condiciones. <\/a><\/small>\n        <\/label>\n\t\t<div style=\"margin-bottom: 10px;\"><\/div>\n        <!-- reCAPTCHA -->\n        <div id=\"recaptcha-error\" style=\"color: red; display: none; margin-top: 15px;\">\n          Por favor, completa el reCAPTCHA.\n        <\/div>\n\n        <button data-sitekey=\"6LdVBtYrAAAAAG5uCT5ytGyLXaUnV1IOe-aWJqom\" data-callback=\"onSubmit\" data-badge=\"inline\"\n           class=\"plabs_button_submit g-recaptcha\" type=\"submit\">ENVIAR<\/button>\n\n        <!-- Mensajes de respuesta -->\n        <div id=\"form-response\" style=\"margin-top: 10px;\"><\/div>\n      <\/form>\n    <\/div>\n  <\/div>\n\n<\/section>        \n    <br \/>\n<\/section>\n","protected":false},"excerpt":{"rendered":"<p>Acerca de nosotros Desde 1998, nos hemos especializado en ofrecer soluciones integrales en seguridad, identificaci\u00f3n de personal y gesti\u00f3n de recursos humanos, respondiendo a las necesidades cr\u00edticas del mercado empresarial. A lo largo de m\u00e1s de dos d\u00e9cadas, hemos cultivado relaciones de confianza con nuestros clientes, basadas en nuestra fiabilidad comprobada y estricto cumplimiento normativo. [&hellip;]<\/p>\n","protected":false},"author":1,"featured_media":0,"parent":0,"menu_order":0,"comment_status":"closed","ping_status":"closed","template":"","meta":{"footnotes":""},"class_list":["post-25","page","type-page","status-publish","hentry"],"yoast_head":"<!-- This site is optimized with the Yoast SEO plugin v26.7 - https:\/\/yoast.com\/wordpress\/plugins\/seo\/ -->\n<title>Nosotros - rediseg.com<\/title>\n<meta name=\"robots\" content=\"index, follow, max-snippet:-1, max-image-preview:large, max-video-preview:-1\" \/>\n<link rel=\"canonical\" href=\"https:\/\/rediseg.com\/index.php\/nosotros\/\" \/>\n<meta property=\"og:locale\" content=\"es_ES\" \/>\n<meta property=\"og:type\" content=\"article\" \/>\n<meta property=\"og:title\" content=\"Nosotros - rediseg.com\" \/>\n<meta property=\"og:description\" content=\"Acerca de nosotros Desde 1998, nos hemos especializado en ofrecer soluciones integrales en seguridad, identificaci\u00f3n de personal y gesti\u00f3n de recursos humanos, respondiendo a las necesidades cr\u00edticas del mercado empresarial. A lo largo de m\u00e1s de dos d\u00e9cadas, hemos cultivado relaciones de confianza con nuestros clientes, basadas en nuestra fiabilidad comprobada y estricto cumplimiento normativo. [&hellip;]\" \/>\n<meta property=\"og:url\" content=\"https:\/\/rediseg.com\/index.php\/nosotros\/\" \/>\n<meta property=\"og:site_name\" content=\"rediseg.com\" \/>\n<meta property=\"article:modified_time\" content=\"2025-09-30T21:05:52+00:00\" \/>\n<meta name=\"twitter:card\" content=\"summary_large_image\" \/>\n<meta name=\"twitter:label1\" content=\"Tiempo de lectura\" \/>\n\t<meta name=\"twitter:data1\" content=\"3 minutos\" \/>\n<script type=\"application\/ld+json\" class=\"yoast-schema-graph\">{\"@context\":\"https:\/\/schema.org\",\"@graph\":[{\"@type\":\"WebPage\",\"@id\":\"https:\/\/rediseg.com\/index.php\/nosotros\/\",\"url\":\"https:\/\/rediseg.com\/index.php\/nosotros\/\",\"name\":\"Nosotros - rediseg.com\",\"isPartOf\":{\"@id\":\"https:\/\/rediseg.com\/#website\"},\"datePublished\":\"2025-09-12T17:27:35+00:00\",\"dateModified\":\"2025-09-30T21:05:52+00:00\",\"breadcrumb\":{\"@id\":\"https:\/\/rediseg.com\/index.php\/nosotros\/#breadcrumb\"},\"inLanguage\":\"es-CO\",\"potentialAction\":[{\"@type\":\"ReadAction\",\"target\":[\"https:\/\/rediseg.com\/index.php\/nosotros\/\"]}]},{\"@type\":\"BreadcrumbList\",\"@id\":\"https:\/\/rediseg.com\/index.php\/nosotros\/#breadcrumb\",\"itemListElement\":[{\"@type\":\"ListItem\",\"position\":1,\"name\":\"Inicio\",\"item\":\"https:\/\/rediseg.com\/\"},{\"@type\":\"ListItem\",\"position\":2,\"name\":\"Nosotros\"}]},{\"@type\":\"WebSite\",\"@id\":\"https:\/\/rediseg.com\/#website\",\"url\":\"https:\/\/rediseg.com\/\",\"name\":\"rediseg.com\",\"description\":\"\",\"publisher\":{\"@id\":\"https:\/\/rediseg.com\/#organization\"},\"potentialAction\":[{\"@type\":\"SearchAction\",\"target\":{\"@type\":\"EntryPoint\",\"urlTemplate\":\"https:\/\/rediseg.com\/?s={search_term_string}\"},\"query-input\":{\"@type\":\"PropertyValueSpecification\",\"valueRequired\":true,\"valueName\":\"search_term_string\"}}],\"inLanguage\":\"es-CO\"},{\"@type\":\"Organization\",\"@id\":\"https:\/\/rediseg.com\/#organization\",\"name\":\"rediseg.com\",\"url\":\"https:\/\/rediseg.com\/\",\"logo\":{\"@type\":\"ImageObject\",\"inLanguage\":\"es-CO\",\"@id\":\"https:\/\/rediseg.com\/#\/schema\/logo\/image\/\",\"url\":\"https:\/\/rediseg.com\/wp-content\/uploads\/2025\/09\/logo-rediseg.png\",\"contentUrl\":\"https:\/\/rediseg.com\/wp-content\/uploads\/2025\/09\/logo-rediseg.png\",\"width\":144,\"height\":22,\"caption\":\"rediseg.com\"},\"image\":{\"@id\":\"https:\/\/rediseg.com\/#\/schema\/logo\/image\/\"}}]}<\/script>\n<!-- \/ Yoast SEO plugin. -->","yoast_head_json":{"title":"Nosotros - rediseg.com","robots":{"index":"index","follow":"follow","max-snippet":"max-snippet:-1","max-image-preview":"max-image-preview:large","max-video-preview":"max-video-preview:-1"},"canonical":"https:\/\/rediseg.com\/index.php\/nosotros\/","og_locale":"es_ES","og_type":"article","og_title":"Nosotros - rediseg.com","og_description":"Acerca de nosotros Desde 1998, nos hemos especializado en ofrecer soluciones integrales en seguridad, identificaci\u00f3n de personal y gesti\u00f3n de recursos humanos, respondiendo a las necesidades cr\u00edticas del mercado empresarial. A lo largo de m\u00e1s de dos d\u00e9cadas, hemos cultivado relaciones de confianza con nuestros clientes, basadas en nuestra fiabilidad comprobada y estricto cumplimiento normativo. [&hellip;]","og_url":"https:\/\/rediseg.com\/index.php\/nosotros\/","og_site_name":"rediseg.com","article_modified_time":"2025-09-30T21:05:52+00:00","twitter_card":"summary_large_image","twitter_misc":{"Tiempo de lectura":"3 minutos"},"schema":{"@context":"https:\/\/schema.org","@graph":[{"@type":"WebPage","@id":"https:\/\/rediseg.com\/index.php\/nosotros\/","url":"https:\/\/rediseg.com\/index.php\/nosotros\/","name":"Nosotros - rediseg.com","isPartOf":{"@id":"https:\/\/rediseg.com\/#website"},"datePublished":"2025-09-12T17:27:35+00:00","dateModified":"2025-09-30T21:05:52+00:00","breadcrumb":{"@id":"https:\/\/rediseg.com\/index.php\/nosotros\/#breadcrumb"},"inLanguage":"es-CO","potentialAction":[{"@type":"ReadAction","target":["https:\/\/rediseg.com\/index.php\/nosotros\/"]}]},{"@type":"BreadcrumbList","@id":"https:\/\/rediseg.com\/index.php\/nosotros\/#breadcrumb","itemListElement":[{"@type":"ListItem","position":1,"name":"Inicio","item":"https:\/\/rediseg.com\/"},{"@type":"ListItem","position":2,"name":"Nosotros"}]},{"@type":"WebSite","@id":"https:\/\/rediseg.com\/#website","url":"https:\/\/rediseg.com\/","name":"rediseg.com","description":"","publisher":{"@id":"https:\/\/rediseg.com\/#organization"},"potentialAction":[{"@type":"SearchAction","target":{"@type":"EntryPoint","urlTemplate":"https:\/\/rediseg.com\/?s={search_term_string}"},"query-input":{"@type":"PropertyValueSpecification","valueRequired":true,"valueName":"search_term_string"}}],"inLanguage":"es-CO"},{"@type":"Organization","@id":"https:\/\/rediseg.com\/#organization","name":"rediseg.com","url":"https:\/\/rediseg.com\/","logo":{"@type":"ImageObject","inLanguage":"es-CO","@id":"https:\/\/rediseg.com\/#\/schema\/logo\/image\/","url":"https:\/\/rediseg.com\/wp-content\/uploads\/2025\/09\/logo-rediseg.png","contentUrl":"https:\/\/rediseg.com\/wp-content\/uploads\/2025\/09\/logo-rediseg.png","width":144,"height":22,"caption":"rediseg.com"},"image":{"@id":"https:\/\/rediseg.com\/#\/schema\/logo\/image\/"}}]}},"_links":{"self":[{"href":"https:\/\/rediseg.com\/index.php\/wp-json\/wp\/v2\/pages\/25","targetHints":{"allow":["GET"]}}],"collection":[{"href":"https:\/\/rediseg.com\/index.php\/wp-json\/wp\/v2\/pages"}],"about":[{"href":"https:\/\/rediseg.com\/index.php\/wp-json\/wp\/v2\/types\/page"}],"author":[{"embeddable":true,"href":"https:\/\/rediseg.com\/index.php\/wp-json\/wp\/v2\/users\/1"}],"replies":[{"embeddable":true,"href":"https:\/\/rediseg.com\/index.php\/wp-json\/wp\/v2\/comments?post=25"}],"version-history":[{"count":5,"href":"https:\/\/rediseg.com\/index.php\/wp-json\/wp\/v2\/pages\/25\/revisions"}],"predecessor-version":[{"id":502,"href":"https:\/\/rediseg.com\/index.php\/wp-json\/wp\/v2\/pages\/25\/revisions\/502"}],"wp:attachment":[{"href":"https:\/\/rediseg.com\/index.php\/wp-json\/wp\/v2\/media?parent=25"}],"curies":[{"name":"wp","href":"https:\/\/api.w.org\/{rel}","templated":true}]}}